g/4). Calculate the highest common divisor of n and q.
5
Let p(u) = u + 12. Let s be p(-9). Calculate the highest common divisor of 5 and s.
1
Let s = -2 - -4. Suppose 0 = s*i + 2*i - t - 122, -i + 24 = 3*t. Suppose -4*y + 54 = -2*h, -48 = -6*y + y - 4*h. What is the highest common factor of i and y?
6
Let x be (45 + -69)/((-4)/(20/3)). Calculate the highest common divisor of 40 and x.
40
Let a(i) = i + 6. Let n be a(-3). Suppose 2*q - 216 = -n*q - 4*z, -z - 1 = 0. What is the greatest common factor of 4 and q?
4
Let g be ((-477)/27 + 7)*(-42)/8. Suppose 6*j = 63 + 21. What is the highest common factor of j and g?
14
Let w be 91 - (-1 + 1)/7. Suppose -k = k - 26. What is the highest common factor of w and k?
13
Let q(h) = -h**3 - 18*h**2 + 17*h. Suppose -3*u = -n - 13, 0 = u + 3*u + 8. Let t be q(n). Calculate the highest common factor of 57 and t.
19
Let o be 2*(-4 - 355/(-10)). Let b = -4 + 13. Calculate the highest common factor of o and b.
9
Suppose 0 = -5*j - 2695 - 1225. Let o = 1290 + j. What is the greatest common divisor of 46 and o?
46
Let h be (1 - 2/1) + (-8 - -6). Let l = h + 17. Calculate the greatest common divisor of l and 126.
14
Let j = -507 + 612. Calculate the highest common factor of j and 21.
21
Suppose 2*j = 4*j - 112. Let f = -19 + 19. Suppose f = -x - 5*a + 43, 2*x + 3*a - 47 = 18. What is the highest common divisor of j and x?
28
Let n be 243/9 + 4*-1. Let i be (-5 - -2) + n + 2. What is the highest common factor of 44 and i?
22
Let p = -1994 - -2044. What is the highest common factor of p and 325?
25
Let c(r) = -5*r - 1. Let y be c(-3). Let u = -85 + 99. Calculate the highest common factor of u and y.
14
Let y = -13 - -17. Let w = -6 - y. Let x = -7 - w. Calculate the highest common factor of 24 and x.
3
Suppose 5*k - 15 = 0, 3*j + 4*k - 174 - 366 = 0. Calculate the greatest common factor of 80 and j.
16
Suppose -4*m = -2*r - 4 - 2, 15 = 5*m. Suppose -10 = -5*t, 4*t = -r*z - t + 157. Calculate the greatest common factor of 7 and z.
7
Let x be -5 - 90*13/(-26). What is the greatest common factor of 15 and x?
5
Suppose 0 = -5*x - s + 2645, 293 = x + 3*s - 250. Suppose -2*r + 8*r - x = 0. What is the highest common factor of r and 11?
11
Let v be -48 - (13 - 15 - (2 + -6)). Let w(s) = -s**3 - 9*s**2 - 5*s - 5. Let r be w(-6). Let j = v - r. Calculate the greatest common divisor of 363 and j.
33
Suppose 2*n + 31 = -18*r + 21*r, -r - 2*n = -5. Suppose -3*t = 9, l + 0*l - 96 = -t. Calculate the highest common divisor of r and l.
9
Let y(j) = -j**3 + 2*j**2 + 4*j - 1. Let p be y(-3). Suppose 11 = -5*w - 119. Let b = 30 + w. Calculate the greatest common factor of b and p.
4
Let y be -1 - 2 - (3 + 0 + -21). Suppose -3*w = o - y, -2*w - w = 2*o - 12. Calculate the highest common divisor of w and 42.
6
Let o(x) = -2*x**3 + 81. Let k be o(0). Let n(m) = -m**3 - m + 9. Let t be 0*(6/4 + -2). Let s be n(t). Calculate the greatest common factor of k and s.
9
Let h be 130/(-2)*(0 - (1 - 0)). Let z(c) = 13*c. Let a be z(2). Calculate the greatest common factor of h and a.
13
Suppose -16*d + 19*d - 1470 = 0. What is the highest common divisor of d and 49?
49
Suppose 5*g - 3*g - 9 = -y, 0 = -2*g + y + 19. Suppose g*a - 12 = 44. Calculate the highest common factor of 24 and a.
8
Let h(p) = p**3 + 18*p**2 + 11*p - 18. Let f(a) = -a**3 + 12*a**2 - 14*a + 16. Let m be f(11). Let y be h(m). What is the greatest common divisor of y and 24?
12
Let g be (-35)/((-10)/2) + 72. What is the highest common divisor of 711 and g?
79
Let b(i) = -2*i**2 - 67*i - 93. Let z be b(-32). Calculate the greatest common divisor of z and 25.
1
Suppose 2*q - 51 = -0*q + 3*z, 3*q - 87 = z. Calculate the highest common factor of q and 24.
6
Let m be 143/22 - (-4*1)/(-8). What is the greatest common factor of m and 27?
3
Suppose 3*f + 4*j = 1006, -5*f = -6*f + 3*j + 318. Calculate the highest common factor of 550 and f.
110
Let d(v) = -2*v - 8. Let m be d(-6). Suppose -c + 12 = -m. Suppose 4 = -3*b + 28. Calculate the highest common factor of c and b.
8
Suppose -2*t = 9*t - 154. What is the greatest common factor of 434 and t?
14
Suppose 2*q + 212 = 2*w, -211 = 3*w - 5*w + q. Suppose 5*d - 95 = 5*g, 3*g + 68 = 4*d + g. Calculate the greatest common divisor of w and d.
15
Suppose -4*u = -2*u - 34. Suppose 3*f - 16 - u = 0. Let c = 108 - -13. Calculate the highest common factor of c and f.
11
Let d = 25 - -9. Calculate the greatest common divisor of d and 1462.
34
Let h(i) = -i**3 + 4*i**2 - 5*i + 13. Let a be h(0). What is the highest common divisor of a and 1456?
13
Suppose -g - 4*g + 30 = 0. Let f(l) = 18*l - 9. Let s be f(g). What is the highest common factor of 9 and s?
9
Suppose -252 = 4*l + 5*k - 867, -4*k + 300 = 2*l. What is the greatest common factor of l and 240?
80
Let o be 4*((-3)/2)/(2/(-38)). Calculate the greatest common divisor of o and 513.
57
Suppose 315 = d - 2*x, -29*d + 31*d = -3*x + 630. Calculate the highest common factor of d and 35.
35
Let k be 19/(399/(-70))*156/(-10). What is the highest common factor of k and 117?
13
Let i = 65 + -19. Suppose 2*f - f = i. Calculate the greatest common divisor of 506 and f.
46
Let z be ((-10)/2)/(5/(-15)). Let w be (-6)/z - (-135)/25. Suppose c + 5 = 4, -2*c + 158 = w*u. What is the greatest common divisor of 64 and u?
32
Let h(b) = -2*b**3 - 27*b**2 + 47*b + 36. Let t be h(-15). Suppose -2*r - 3*r = -15. Calculate the greatest common factor of t and r.
3
Suppose 6 = g - 12. Suppose -g + 4 = 2*z. Let a be 231/z*1/(-3). Calculate the greatest common divisor of a and 121.
11
Let j be -3 - (-12 - (-4 + 2)). Let s = 176 - 66. Suppose -277 = -3*p + 5*g - s, 4*p = -4*g + 180. Calculate the greatest common factor of j and p.
7
Suppose z + 3*z = 8. Let s(i) = 56*i - 2. Let v be s(4). Suppose -z*g - 5*o + 206 = -193, -g + 5*o = -v. What is the highest common factor of 23 and g?
23
Let g be (-56)/168 - ((-410)/(-6))/(-1). Suppose -14 - 20 = -2*t. What is the greatest common divisor of t and g?
17
Let x = 11266 - 11255. Let s = -99 + 220. What is the greatest common factor of s and x?
11
Suppose -208 = -8*l - 18*l. Calculate the greatest common factor of 72 and l.
8
Let y(q) = -71*q**3 - 40*q**3 + q**2 - q**3 + 2 + 3*q. Let j be y(-1). What is the greatest common divisor of 14 and j?
14
Let z(q) = 10*q**2 + 38*q - 50. Let b be z(-9). Calculate the greatest common factor of b and 38.
38
Let u = -13 + 30. Suppose 0 = -2*i + 2*x - 50 + 1230, -2384 = -4*i - 2*x. Let p be i/12 - (-3)/2. What is the highest common divisor of p and u?
17
Let j(q) = -2*q**2 + q + 5. Let m be j(0). Suppose -m*c - 157 = -4*i + 3*i, -i - c + 145 = 0. What is the greatest common factor of 21 and i?
21
Let g be 4/10 + 22*(-23)/(-10). Let z = g - 45. What is the greatest common divisor of 4 and z?
2
Let p(v) = -7*v**2 - 123*v. Let q be p(-12). Calculate the greatest common divisor of q and 39.
39
Let b be (-220)/(-22) - (-252 - -3). Calculate the highest common divisor of b and 14.
7
Let u be -3 + (-3 + 1 - -1). Let g = u - -7. Let x(y) = y**2 + 3*y - 6. Let l be x(g). Calculate the highest common factor of 6 and l.
6
Suppose -3*s + s + 156 = -4*d, 0 = s + 3*d - 63. Suppose -3*z + 19*t - 15*t + 19 = 0, 3*t - 15 = -z. What is the highest common factor of s and z?
9
Suppose -28*c + 378 = -22*c. What is the greatest common factor of c and 45?
9
Let r = -344 + 449. What is the highest common divisor of 21 and r?
21
Let v be 2/(4/6*3). Let a(m) = -m**2 + 5*m + 4. Suppose 0*p = 3*p - 15. Let c be a(p). Calculate the highest common factor of c and v.
1
Let m = -131 - -251. Suppose -n + 82*n - 430 - 785 = 0. What is the highest common divisor of n and m?
15
Let h(v) = -v + 7. Let m be h(13). Let b be 85/15 - 2/m. Let y be (99/b)/(18/24). What is the greatest common factor of y and 88?
22
Let i(w) = w**2 + 5*w + 3. Suppose -6*s = -4*s + 6. Let q be i(s). Let d be (15 + 3)*q/(-9). Calculate the greatest common factor of 4 and d.
2
Let z be 2/(-4)*-8*(-6 + 8). Suppose 64 = 4*o + 16. Calculate the highest common factor of o and z.
4
Suppose -q + 61 - 58 = 0. Suppose -5*c - 64 = -2*o - c, q*c = o - 36. Calculate the highest common factor of o and 2.
2
Let l be 2*(-2)/(-12)*3. Let p = 12 + -2. Suppose 0 = -2*q - 3*a + p, -4*a = 5*q - 3*a - 12. What is the